a7631
In base 7, what is -1 + -2250110?
-2250111
In base 4, what is -3 - -2332310?
2332301
In base 9, what is 0 + -418033?
-418033
In base 4, what is -133220 + 122?
-133032
In base 13, what is -7b2 - -1?
-7b1
In base 5, what is -3 - -1041204?
1041201
In base 2, what is 101011 + 11110111011?
11111100110
In base 6, what is 4240153 - -44?
4240241
In base 5, what is 4131303 - 10?
4131243
In base 3, what is 10 + -120101?
-120021
In base 14, what is 2 - -1290a?
1290c
In base 8, what is -1 - 34032?
-34033
In base 12, what is -5 + -211ab?
-211b4
In base 6, what is -40 - 2154524?
-2155004
In base 7, what is -1142 - -2455?
1313
In base 12, what is 139 + 131?
26a
In base 3, what is -1111 - -102002?
100121
In base 10, what is 120426 - 1?
120425
In base 13, what is -65 - 244?
-2a9
In base 3, what is 221111 - 220010?
1101
In base 4, what is -2202230233 - -11?
-2202230222
In base 3, what is 2 + 1100212122110?
1100212122112
In base 5, what is 10 + 204124?
204134
In base 13, what is -78070 - -4?
-78069
In base 3, what is -2 + 2101212202?
2101212200
In base 10, what is -135 + -1163?
-1298
In base 3, what is 11 - -1010102221?
1010110002
In base 6, what is -5120 - -2351?
-2325
In base 12, what is 3 + -515166?
-515163
In base 9, what is -112 + 75278?
75166
In base 3, what is -1102 - 111000210?
-111002012
In base 7, what is 2062 - 12?
2050
In base 16, what is -1 - b0d?
-b0e
In base 3, what is 12 - 110121112?
-110121100
In base 4, what is 11 - 1311211?
-1311200
In base 16, what is 16 + -18e?
-178
In base 9, what is -67 + 18570?
18502
In base 9, what is 80 + 110446?
110536
In base 5, what is -331040 + -12?
-331102
In base 4, what is -11102321 - -2211?
-11100110
In base 10, what is 26057 + 201?
26258
In base 11, what is -1 + 2534a?
25349
In base 8, what is 67 - 562?
-473
In base 6, what is 30153 + 4?
30201
In base 6, what is -4535 + -1100?
-10035
In base 9, what is -55677 + 3?
-55674
In base 6, what is 14 + 23044?
23102
In base 15, what is -59d9 + 5?
-59d4
In base 9, what is -54107 - -245?
-53752
In base 10, what is 481069 + 14?
481083
In base 6, what is -3 + -355325?
-355332
In base 16, what is 2a5 - 35?
270
In base 10, what is -16 - -509?
493
In base 7, what is 3 + 461003?
461006
In base 2, what is 1100011010010000 - 1?
1100011010001111
In base 5, what is 1 + 114021?
114022
In base 12, what is 38005 - 11?
37bb4
In base 5, what is -312 - 23242?
-24104
In base 8, what is 25 + -6270?
-6243
In base 14, what is 6bcc - -4?
6bd2
In base 6, what is 1322554 + -4?
1322550
In base 4, what is -2 - 213200300?
-213200302
In base 10, what is 160 + 3873?
4033
In base 12, what is 48a2 + -a?
4894
In base 11, what is 1 + -6723?
-6722
In base 7, what is -12 + -1140466?
-1140511
In base 16, what is 244 + -7?
23d
In base 10, what is -177 + 8483?
8306
In base 3, what is 10 - 1000111?
-1000101
In base 14, what is 8552 + -3?
854d
In base 6, what is -511012 + -32?
-511044
In base 15, what is -2cc - -1c3?
-109
In base 3, what is -21 - -11111102220?
11111102122
In base 5, what is 2313 - 22232?
-14414
In base 6, what is -1 - -1005400?
1005355
In base 6, what is -4 - -3200413?
3200405
In base 15, what is 36ad - -1d3?
3891
In base 10, what is 2221 - -18?
2239
In base 5, what is 1404302 + 204?
1410011
In base 15, what is -5914 - -4?
-5910
In base 6, what is 3301 + 54?
3355
In base 12, what is -3 + -14aa15?
-14aa18
In base 6, what is -5 + -1324200?
-1324205
In base 16, what is 93e05 + -1?
93e04
In base 13, what is 3 - -7024?
7027
In base 8, what is -55 + 1527?
1452
In base 5, what is 20141041 + 1?
20141042
In base 5, what is -20241 + -100122?
-120413
In base 10, what is -22 + -52352?
-52374
In base 14, what is -c7646 + 5?
-c7641
In base 9, what is 1 + 2831?
2832
In base 9, what is 4 + -168241?
-168236
In base 16, what is -9a5 - -5?
-9a0
In base 14, what is -1d5 - -98?
-13b
In base 9, what is -15 + -57373?
-57388
In base 6, what is 3 - -2005144?
2005151
In base 2, what is 10100111 + -11110110?
-1001111
In base 10, what is 30 - 496?
-466
In base 3, what is -12010112000 - -22?
-12010111201
In base 5, what is -1220404 - -10?
-1220344
In base 5, what is 14 + 320?
334
In base 4, what is -20111 - -10122?
-3323
In base 7, what is 2 + -454004?
-454002
In base 9, what is -4 - 16338?
-16343
In base 12, what is 12040 - 1b?
12021
In base 8, what is -456 - -246?
-210
In base 9, what is -115111 + -2?
-115113
In base 5, what is -2334241 - 0?
-2334241
In base 7, what is 351556 + 4?
351563
In base 13, what is 5 + -33040?
-33038
In base 3, what is -10011022112 + -2?
-10011022121
In base 12, what is -54 + -67?
-bb
In base 15, what is 1d8c + 11?
1d9d
In base 3, what is -1100022 - 200021?
-2000120
In base 5, what is -110334 - 10224?
-121113
In base 13, what is -13047 + -3?
-1304a
In base 13, what is 296c6 + -4?
296c2
In base 14, what is 1d42d7 + 4?
1d42db
In base 9, what is -330351 - -5?
-330345
In base 16, what is e - ea3?
-e95
In base 16, what is 5f7 + 106?
6fd
In base 13, what is -a6b + 462?
-609
In base 12, what is 5 + -146b1?
-146a8
In base 3, what is 11 - -1001212210?
1001212221
In base 10, what is -4 - -31947?
31943
In base 16, what is 1df8 + 9?
1e01
In base 16, what is 1 - bc0c?
-bc0b
In base 11, what is -1 - -9a1?
9a0
In base 10, what is -128 - -12250?
12122
In base 8, what is -10 + -336101?
-336111
In base 6, what is 50 - -20000?
20050
In base 15, what is 78dc + -2?
78da
In base 10, what is -1 + -221994?
-221995
In base 7, what is 0 - -3502366?
3502366
In base 8, what is 2050 - -1471?
3541
In base 16, what is 786e - -2?
7870
In base 9, what is -2 - -454213?
454211
In base 13, what is -3 - -63ab?
63a8
In base 2, what is 1000010111110 - -10000010?
1000101000000
In base 6, what is 14233425 - -3?
14233432
In base 14, what is -55b3 + 2?
-55b1
In base 5, what is -121012040 - -2?
-121012033
In base 13, what is -5c5 - 32?
-627
In base 9, what is 2702261 - 3?
2702257
In base 8, what is -35007 - -514?
-34273
In base 11, what is 206a2 + -52?
20650
In base 4, what is -22 - -12101103?
12101021
In base 6, what is 1345104 + -2?
1345102
In base 6, what is 11544 + -4?
11540
In base 12, what is 1a + bb81?
bb9b
In base 15, what is 186 - -58?
1de
In base 5, what is -3 - 11121343?
-11121401
In base 3, what is 10220 + -20110?
-2120
In base 6, what is 1015114 + 10?
1015124
In base 15, what is 1 + 72d5?
72d6
In base 13, what is 1132 + -4?
112b
In base 2, what is -10000100010 - 1010100?
-10001110110
In base 3, what is 20 + 1022200102?
1022200122
In base 5, what is 24404 - -1?
24410
In base 9, what is -2 - 155003?
-155005
In base 8, what is 15403 + 541?
16144
In base 8, what is -45703 + 104?
-45577
In base 6, what is -51244140 - 0?
-51244140
In base 6, what is 15 + 4051?
4110
In base 3, what is -1002 + -11211021?
-11212100
In base 7, what is 435564 + -5?
435556
In base 10, what is -1200 + 392?
-808
In base 10, what is 3941 + -6?
3935
In base 14, what is -a - -208?
1dc
In base 4, what is 11 - 2013103131?
-2013103120
In base 15, what is 5 - b1bb?
-b1b6
In base 9, what is 277 + -578?
-301
In base 2, what is -11110010011010000 + 1?
-11110010011001111
In base 14, what is d + 419?
428
In base 4, what is -103121 - 21?
-103202
In base 9, what is 536838 + 0?
536838
In base 11, what is -88 + 11862?
11785
In base 4, what is 0 + -1303302011?
-1303302011
In base 7, what is 2522 - 36?
2453
In base 7, what is 30105 - -21?
30126
In base 7, what is 45221 + -1?
45220
In base 13, what is -5 - -18669?
18664
In base 8, what is 4 - 1060633?
-1060627
In base 14, what is -5479 - 68?
-5503
In base 10, what is -16 + 1298?
1282
In base 8, what is -432 - -1152?
520
In base 10, what is -183 + -7352?
-7535
In base 3, what is 11021021 + 112?
11021210
In base 14, what is 5 - 396b?
-3966
In base 13, what is -b + c2?
b4
In base 5, what is -1223 + 2203?
430
In base 6, what is 1 + 345420?
345421
In base 16, what is b5 - 33c?
-287
In base 7, what is -10604 - 123?
-11030
In base 13, what is -1 - 192c0?
-192c1
In base 3, what is -122102012 + -10220?
-122120002
In base 16, what is 2 + -f83?
-f81
In base 4, what is -113222212 - -3?
-113222203
In base 7, what is -30 - 252?
-312
In base 5, what is 21013 + 43?
21111
In base 16, what is 3 - 8c?
-89
In base 15, what is -2e808 - -1?
-2e807
In base 7, what is 1122 - 433?
356
In base 11, what is 14 + 9a4?
a08
In base 16, what is